{"id":22,"date":"2024-01-18T12:05:55","date_gmt":"2024-01-18T11:05:55","guid":{"rendered":"http:\/\/pastelove.edu.pl\/zlobek\/?page_id=22"},"modified":"2024-02-02T16:56:04","modified_gmt":"2024-02-02T15:56:04","slug":"strona-glowna","status":"publish","type":"page","link":"https:\/\/pastelove.edu.pl\/zlobek\/","title":{"rendered":"Strona g\u0142\u00f3wna"},"content":{"rendered":"\n<section id=\"hommebanner-block_6baa79c7be9d2fa6a342e964b8dcb9df\" class=\"hero\">\n  <div class=\"slider has-carousel\" data-items=\"1\" data-effect=\"true\" data-delay=\"3500\" data-adaptive-height=\"true\" data-dots=\"true\" data-auto=\"true\" data-loop=\"true\" data-navs=\"false\" data-items-tab-l=\"1\">\n                  <div class=\"slide\">\n          <div class=\"image\">\n            <img loading=\"lazy\" decoding=\"async\" width=\"2000\" height=\"1333\" src=\"https:\/\/pastelove.edu.pl\/zlobek\/wp-content\/uploads\/sites\/2\/2024\/01\/group-toddlers-playing-with-toys-crawling-floor-kindergarten.jpg\" class=\"attachment-full size-full\" alt=\"\" srcset=\"https:\/\/pastelove.edu.pl\/zlobek\/wp-content\/uploads\/sites\/2\/2024\/01\/group-toddlers-playing-with-toys-crawling-floor-kindergarten.jpg 2000w, https:\/\/pastelove.edu.pl\/zlobek\/wp-content\/uploads\/sites\/2\/2024\/01\/group-toddlers-playing-with-toys-crawling-floor-kindergarten-250x167.jpg 250w, https:\/\/pastelove.edu.pl\/zlobek\/wp-content\/uploads\/sites\/2\/2024\/01\/group-toddlers-playing-with-toys-crawling-floor-kindergarten-700x467.jpg 700w, https:\/\/pastelove.edu.pl\/zlobek\/wp-content\/uploads\/sites\/2\/2024\/01\/group-toddlers-playing-with-toys-crawling-floor-kindergarten-768x512.jpg 768w, https:\/\/pastelove.edu.pl\/zlobek\/wp-content\/uploads\/sites\/2\/2024\/01\/group-toddlers-playing-with-toys-crawling-floor-kindergarten-1536x1024.jpg 1536w, https:\/\/pastelove.edu.pl\/zlobek\/wp-content\/uploads\/sites\/2\/2024\/01\/group-toddlers-playing-with-toys-crawling-floor-kindergarten-120x80.jpg 120w\" sizes=\"(max-width: 2000px) 100vw, 2000px\" \/>          <\/div>\n          <div class=\"text-wrap\">\n            <div class=\"container\">\n              <div class=\"row \">\n                <div class=\"col-12 col-md-6 col-lg-6\">\n                  <div class=\"text\">\n                    <h1>Niepubliczny \u017c\u0142obek PasteLOVE<\/h1>\n<p><span style=\"font-weight: 400;\">Dzia\u0142amy dla dobra dzieci.<\/span><\/p>\n<p><span style=\"font-weight: 400;\">Dla ich u\u015bmiechu, rozwoju i rado\u015bci.<\/span><\/p>\n<p>&nbsp;<\/p>\n                                          <a href=\"http:\/\/pastelove.edu.pl\/zlobek\/rekrutacja\/\" target=\"\" class=\"btn btn-cta\">Rekrutacja<\/a>\n                                      <\/div>\n                <\/div>\n              <\/div>\n            <\/div>\n          <\/div>\n        <\/div>\n              <div class=\"slide\">\n          <div class=\"image\">\n            <img loading=\"lazy\" decoding=\"async\" width=\"1492\" height=\"805\" src=\"https:\/\/pastelove.edu.pl\/zlobek\/wp-content\/uploads\/sites\/2\/2024\/01\/two-adorable-babies-playing-with-balls-bowling-pin-sitting-floor-kindergarten-1-e1705577570899.jpg\" class=\"attachment-full size-full\" alt=\"\" srcset=\"https:\/\/pastelove.edu.pl\/zlobek\/wp-content\/uploads\/sites\/2\/2024\/01\/two-adorable-babies-playing-with-balls-bowling-pin-sitting-floor-kindergarten-1-e1705577570899.jpg 1492w, https:\/\/pastelove.edu.pl\/zlobek\/wp-content\/uploads\/sites\/2\/2024\/01\/two-adorable-babies-playing-with-balls-bowling-pin-sitting-floor-kindergarten-1-e1705577570899-250x135.jpg 250w, https:\/\/pastelove.edu.pl\/zlobek\/wp-content\/uploads\/sites\/2\/2024\/01\/two-adorable-babies-playing-with-balls-bowling-pin-sitting-floor-kindergarten-1-e1705577570899-700x378.jpg 700w, https:\/\/pastelove.edu.pl\/zlobek\/wp-content\/uploads\/sites\/2\/2024\/01\/two-adorable-babies-playing-with-balls-bowling-pin-sitting-floor-kindergarten-1-e1705577570899-768x414.jpg 768w, https:\/\/pastelove.edu.pl\/zlobek\/wp-content\/uploads\/sites\/2\/2024\/01\/two-adorable-babies-playing-with-balls-bowling-pin-sitting-floor-kindergarten-1-e1705577570899-120x65.jpg 120w\" sizes=\"(max-width: 1492px) 100vw, 1492px\" \/>          <\/div>\n          <div class=\"text-wrap\">\n            <div class=\"container\">\n              <div class=\"row \">\n                <div class=\"col-12 col-md-6 col-lg-6\">\n                  <div class=\"text\">\n                    <h1><b>Inwestujemy w&nbsp; rozw\u00f3j indywidualno\u015bci<\/b><\/h1>\n<p><span style=\"font-weight: 400;\">Stajemy naprzeciw potrzebom Twojego dziecka.<\/span><\/p>\n<p><span style=\"font-weight: 400;\">Dopasuj ofert\u0119 zaj\u0119\u0107 dodatkowych razem z nami!<\/span><\/p>\n                                          <a href=\"http:\/\/pastelove.edu.pl\/zlobek\/co-nas-wyroznia\/\" target=\"\" class=\"btn btn-cta\">Najlepsze cechy naszego \u017c\u0142obka<\/a>\n                                      <\/div>\n                <\/div>\n              <\/div>\n            <\/div>\n          <\/div>\n        <\/div>\n            <\/div>\n<\/section>\n\n\n\n<section id=\"hommeinfo-block_d60c0e3473aa092626a502acdde5f357\" class=\"services\">\n  <div class=\"container\">\n    <div class=\"row\">\n      <div class=\"col-md-12 col-lg-6 align-items-center d-flex\">\n        <div class=\"image-holder\">\n          <img loading=\"lazy\" decoding=\"async\" width=\"1346\" height=\"1048\" src=\"https:\/\/pastelove.edu.pl\/zlobek\/wp-content\/uploads\/sites\/2\/2024\/01\/two-toddlers-playing-with-balls-xylophone-sitting-floor-kindergarten-1-e1705577635425.jpg\" class=\"attachment-full size-full\" alt=\"\" srcset=\"https:\/\/pastelove.edu.pl\/zlobek\/wp-content\/uploads\/sites\/2\/2024\/01\/two-toddlers-playing-with-balls-xylophone-sitting-floor-kindergarten-1-e1705577635425.jpg 1346w, https:\/\/pastelove.edu.pl\/zlobek\/wp-content\/uploads\/sites\/2\/2024\/01\/two-toddlers-playing-with-balls-xylophone-sitting-floor-kindergarten-1-e1705577635425-250x195.jpg 250w, https:\/\/pastelove.edu.pl\/zlobek\/wp-content\/uploads\/sites\/2\/2024\/01\/two-toddlers-playing-with-balls-xylophone-sitting-floor-kindergarten-1-e1705577635425-700x545.jpg 700w, https:\/\/pastelove.edu.pl\/zlobek\/wp-content\/uploads\/sites\/2\/2024\/01\/two-toddlers-playing-with-balls-xylophone-sitting-floor-kindergarten-1-e1705577635425-768x598.jpg 768w, https:\/\/pastelove.edu.pl\/zlobek\/wp-content\/uploads\/sites\/2\/2024\/01\/two-toddlers-playing-with-balls-xylophone-sitting-floor-kindergarten-1-e1705577635425-120x93.jpg 120w\" sizes=\"(max-width: 1346px) 100vw, 1346px\" \/>        <\/div>\n      <\/div>\n      <div class=\"col-md-12 col-lg-6 align-items-center d-flex\">\n        <div class=\"tex-box\">\n          <h3>O nas<\/h3>\n<h2>\u017b\u0142obek PasteLOVE Katowice<\/h2>\n<p>\u017b\u0142obek &#8222;PasteLOVE&#8221; skupia si\u0119 na stworzeniu dla naszych najm\u0142odszych pod opiek\u0105 wykwalifikowanej kadry miejsca, gdzie b\u0119d\u0105 mog\u0142y rozwija\u0107 si\u0119 w przyjaznej atmosferze, przygotowuj\u0105c si\u0119 tym samym do przysz\u0142ego etapu nauki szkolnej.<\/p>\n<p>W naszym \u017c\u0142obku dzieci s\u0105 nie tylko bezpieczne, lecz r\u00f3wnie\u017c szcz\u0119\u015bliwe! Zwracamy uwag\u0119 na ka\u017cdy aspekt ich dobrostanu, pozwalaj\u0105c im swobodnie zwraca\u0107 si\u0119 do nas w ka\u017cdej sprawie. Naszym priorytetem jest zadbanie o to, aby maluchy czu\u0142y si\u0119 zrozumiane i ca\u0142kowicie akceptowane. Pragniemy otworzy\u0107 przed nimi drzwi do r\u00f3\u017cnorodno\u015bci otaczaj\u0105cego \u015bwiata, pobudzi\u0107 ich ciekawo\u015b\u0107, co w konsekwencji przyczyni si\u0119 do poznania i rozwijania w\u0142asnych zainteresowa\u0144.<\/p>\n                      <a href=\"http:\/\/pastelove.edu.pl\/zlobek\/o-nas\/\" class=\"btn btn-yellow\">Wi\u0119cej<\/a>\n          \n        <\/div>\n      <\/div>\n    <\/div>\n  <\/div>\n<\/section>\n\n\n\n\n\n<section id=\"hommeinfo-block_94089d293e8086f508d22f63d407142a\" class=\"services yellow-style\">\n  <div class=\"container\">\n    <div class=\"row\">\n      <div class=\"col-md-12 col-lg-6 align-items-center d-flex\">\n        <div class=\"tex-box\">\n          <h3><strong>Co nas wyr\u00f3\u017cnia?<\/strong><\/h3>\n<h2>Najwa\u017cniejsze cechy naszego nowoczesnego \u017c\u0142obka, &#8222;PasteLOVE&#8221;:<\/h2>\n<ul>\n<li>Skoncentrowanie na Dzieciach: \u017b\u0142obek &#8222;PasteLOVE&#8221; to miejsce, w kt\u00f3rym dzieci s\u0105 sercem naszej troski. Stawiamy na priorytetowe zaspokajanie ich wymaga\u0144, potrzeb i zapewnianie bezpiecze\u0144stwa.<\/li>\n<li>Wielostronny Rozw\u00f3j: Dzi\u0119ki r\u00f3\u017cnorodnym mo\u017cliwo\u015bciom sp\u0119dzania czasu wolnego, w \u017c\u0142obku &#8222;PasteLOVE&#8221; dzieci maj\u0105 okazj\u0119 do wszechstronnego rozwoju. Tutaj nauka idzie w parze z zabaw\u0105, eliminuj\u0105c jednocze\u015bnie nud\u0119.<\/li>\n<li>R\u00f3wno\u015b\u0107 i Akceptacja: W naszym \u017c\u0142obku ka\u017cde dziecko jest traktowane z r\u00f3wnym szacunkiem, akceptacj\u0105 i mi\u0142o\u015bci\u0105. Zapewniamy, \u017ce ka\u017cdy maluch czuje si\u0119 r\u00f3wnie wa\u017cny, akceptowany i lubiany.<\/li>\n<li>Pozytywne Emocje: Codzienne prze\u017cycia w \u017c\u0142obku &#8222;PasteLOVE&#8221; s\u0105 nasycone pozytywnymi emocjami. Kreujemy atmosfer\u0119 sprzyjaj\u0105c\u0105 tworzeniu niezapomnianych wspomnie\u0144.<\/li>\n<\/ul>\n                      <a href=\"https:\/\/pastelove.edu.pl\/co-nas-wyroznia\/\" class=\"btn btn-yellow\">Wi\u0119cej<\/a>\n                  <\/div>\n      <\/div>\n      <div class=\"col-md-12 col-lg-6\">\n        <div class=\"row m-0\">\n                                    <div class=\"col-md-4 col\">\n                  <div class=\"kid-icon\">\n                      <div class=\"kid-icon-shape\">\n                          <a href=\"#\">\n                            <i class=\"flaticon-jigsaw teacher\">\n                              <img loading=\"lazy\" decoding=\"async\" width=\"62\" height=\"62\" src=\"https:\/\/pastelove.edu.pl\/zlobek\/wp-content\/uploads\/sites\/2\/2024\/01\/1.png\" class=\"attachment-full size-full\" alt=\"\" \/>                            <\/i>\n                          <\/a>\n                      <\/div>\n                      <span class=\"teacher-c\">wykwalifikowana kadra<\/span>\n                  <\/div>\n              <\/div>\n                          <div class=\"col-md-4 col\">\n                  <div class=\"kid-icon\">\n                      <div class=\"kid-icon-shape\">\n                          <a href=\"#\">\n                            <i class=\"flaticon-jigsaw music\">\n                              <img loading=\"lazy\" decoding=\"async\" width=\"66\" height=\"66\" src=\"https:\/\/pastelove.edu.pl\/zlobek\/wp-content\/uploads\/sites\/2\/2024\/01\/2.png\" class=\"attachment-full size-full\" alt=\"\" \/>                            <\/i>\n                          <\/a>\n                      <\/div>\n                      <span class=\"music-c\">nowoczesne metody nauczania<\/span>\n                  <\/div>\n              <\/div>\n                          <div class=\"col-md-4 col\">\n                  <div class=\"kid-icon\">\n                      <div class=\"kid-icon-shape\">\n                          <a href=\"#\">\n                            <i class=\"flaticon-jigsaw ts\">\n                              <img loading=\"lazy\" decoding=\"async\" width=\"70\" height=\"67\" src=\"https:\/\/pastelove.edu.pl\/zlobek\/wp-content\/uploads\/sites\/2\/2024\/01\/3.png\" class=\"attachment-full size-full\" alt=\"\" \/>                            <\/i>\n                          <\/a>\n                      <\/div>\n                      <span class=\"ts-c\">zabawa i nauka  w grupie<\/span>\n                  <\/div>\n              <\/div>\n                          <div class=\"col-md-4 col\">\n                  <div class=\"kid-icon\">\n                      <div class=\"kid-icon-shape\">\n                          <a href=\"#\">\n                            <i class=\"flaticon-jigsaw diet\">\n                              <img loading=\"lazy\" decoding=\"async\" width=\"62\" height=\"64\" src=\"https:\/\/pastelove.edu.pl\/zlobek\/wp-content\/uploads\/sites\/2\/2024\/01\/4.png\" class=\"attachment-full size-full\" alt=\"\" \/>                            <\/i>\n                          <\/a>\n                      <\/div>\n                      <span class=\"diet-c\">wysokiej  jako\u015bci sale<\/span>\n                  <\/div>\n              <\/div>\n                          <div class=\"col-md-4 col\">\n                  <div class=\"kid-icon\">\n                      <div class=\"kid-icon-shape\">\n                          <a href=\"#\">\n                            <i class=\"flaticon-jigsaw bus\">\n                              <img loading=\"lazy\" decoding=\"async\" width=\"65\" height=\"65\" src=\"https:\/\/pastelove.edu.pl\/zlobek\/wp-content\/uploads\/sites\/2\/2024\/01\/5.png\" class=\"attachment-full size-full\" alt=\"\" \/>                            <\/i>\n                          <\/a>\n                      <\/div>\n                      <span class=\"bus-c\">zdrowa \u017cywno\u015b\u0107<\/span>\n                  <\/div>\n              <\/div>\n                          <div class=\"col-md-4 col\">\n                  <div class=\"kid-icon\">\n                      <div class=\"kid-icon-shape\">\n                          <a href=\"#\">\n                            <i class=\"flaticon-jigsaw fun\">\n                              <img loading=\"lazy\" decoding=\"async\" width=\"73\" height=\"65\" src=\"https:\/\/pastelove.edu.pl\/zlobek\/wp-content\/uploads\/sites\/2\/2024\/01\/6.png\" class=\"attachment-full size-full\" alt=\"\" \/>                            <\/i>\n                          <\/a>\n                      <\/div>\n                      <span class=\"fun-c\">edukacja ekologiczna<\/span>\n                  <\/div>\n              <\/div>\n                      \n\n      <\/div>\n    <\/div>\n  <\/div>\n<\/section>\n","protected":false},"excerpt":{"rendered":"","protected":false},"author":1,"featured_media":0,"parent":0,"menu_order":0,"comment_status":"closed","ping_status":"closed","template":"templates\/template-home.php","meta":{"_acf_changed":false,"ngg_post_thumbnail":0,"footnotes":""},"acf":[],"yoast_head":"<!-- This site is optimized with the Yoast SEO plugin v22.1 - https:\/\/yoast.com\/wordpress\/plugins\/seo\/ -->\n<title>Strona g\u0142\u00f3wna - Niepubliczny \u017c\u0142obek - PasteLOVE Katowice<\/title>\n<meta name=\"robots\" content=\"index, follow, max-snippet:-1, max-image-preview:large, max-video-preview:-1\" \/>\n<link rel=\"canonical\" href=\"https:\/\/pastelove.edu.pl\/zlobek\/\" \/>\n<meta property=\"og:locale\" content=\"pl_PL\" \/>\n<meta property=\"og:type\" content=\"article\" \/>\n<meta property=\"og:title\" content=\"Strona g\u0142\u00f3wna - Niepubliczny \u017c\u0142obek - PasteLOVE Katowice\" \/>\n<meta property=\"og:url\" content=\"https:\/\/pastelove.edu.pl\/zlobek\/\" \/>\n<meta property=\"og:site_name\" content=\"Niepubliczny \u017c\u0142obek - PasteLOVE Katowice\" \/>\n<meta property=\"article:modified_time\" content=\"2024-02-02T15:56:04+00:00\" \/>\n<meta name=\"twitter:card\" content=\"summary_large_image\" \/>\n<script type=\"application\/ld+json\" class=\"yoast-schema-graph\">{\"@context\":\"https:\/\/schema.org\",\"@graph\":[{\"@type\":\"WebPage\",\"@id\":\"https:\/\/pastelove.edu.pl\/zlobek\/\",\"url\":\"https:\/\/pastelove.edu.pl\/zlobek\/\",\"name\":\"Strona g\u0142\u00f3wna - Niepubliczny \u017c\u0142obek - PasteLOVE Katowice\",\"isPartOf\":{\"@id\":\"https:\/\/pastelove.edu.pl\/zlobek\/#website\"},\"datePublished\":\"2024-01-18T11:05:55+00:00\",\"dateModified\":\"2024-02-02T15:56:04+00:00\",\"breadcrumb\":{\"@id\":\"https:\/\/pastelove.edu.pl\/zlobek\/#breadcrumb\"},\"inLanguage\":\"pl-PL\",\"potentialAction\":[{\"@type\":\"ReadAction\",\"target\":[\"https:\/\/pastelove.edu.pl\/zlobek\/\"]}]},{\"@type\":\"BreadcrumbList\",\"@id\":\"https:\/\/pastelove.edu.pl\/zlobek\/#breadcrumb\",\"itemListElement\":[{\"@type\":\"ListItem\",\"position\":1,\"name\":\"Strona g\u0142\u00f3wna\",\"item\":\"https:\/\/pastelove.edu.pl\/zlobek\/\"},{\"@type\":\"ListItem\",\"position\":2,\"name\":\"Strona g\u0142\u00f3wna\"}]},{\"@type\":\"WebSite\",\"@id\":\"https:\/\/pastelove.edu.pl\/zlobek\/#website\",\"url\":\"https:\/\/pastelove.edu.pl\/zlobek\/\",\"name\":\"Niepubliczny \u017c\u0142obek - PasteLOVE Katowice\",\"description\":\"Kolejna witryna sieci &#8222;Niepubliczne przedszkole - PasteLOVE Katowice Witryn&#8221;\",\"potentialAction\":[{\"@type\":\"SearchAction\",\"target\":{\"@type\":\"EntryPoint\",\"urlTemplate\":\"https:\/\/pastelove.edu.pl\/zlobek\/?s={search_term_string}\"},\"query-input\":\"required name=search_term_string\"}],\"inLanguage\":\"pl-PL\"}]}<\/script>\n<!-- \/ Yoast SEO plugin. -->","yoast_head_json":{"title":"Strona g\u0142\u00f3wna - Niepubliczny \u017c\u0142obek - PasteLOVE Katowice","robots":{"index":"index","follow":"follow","max-snippet":"max-snippet:-1","max-image-preview":"max-image-preview:large","max-video-preview":"max-video-preview:-1"},"canonical":"https:\/\/pastelove.edu.pl\/zlobek\/","og_locale":"pl_PL","og_type":"article","og_title":"Strona g\u0142\u00f3wna - Niepubliczny \u017c\u0142obek - PasteLOVE Katowice","og_url":"https:\/\/pastelove.edu.pl\/zlobek\/","og_site_name":"Niepubliczny \u017c\u0142obek - PasteLOVE Katowice","article_modified_time":"2024-02-02T15:56:04+00:00","twitter_card":"summary_large_image","schema":{"@context":"https:\/\/schema.org","@graph":[{"@type":"WebPage","@id":"https:\/\/pastelove.edu.pl\/zlobek\/","url":"https:\/\/pastelove.edu.pl\/zlobek\/","name":"Strona g\u0142\u00f3wna - Niepubliczny \u017c\u0142obek - PasteLOVE Katowice","isPartOf":{"@id":"https:\/\/pastelove.edu.pl\/zlobek\/#website"},"datePublished":"2024-01-18T11:05:55+00:00","dateModified":"2024-02-02T15:56:04+00:00","breadcrumb":{"@id":"https:\/\/pastelove.edu.pl\/zlobek\/#breadcrumb"},"inLanguage":"pl-PL","potentialAction":[{"@type":"ReadAction","target":["https:\/\/pastelove.edu.pl\/zlobek\/"]}]},{"@type":"BreadcrumbList","@id":"https:\/\/pastelove.edu.pl\/zlobek\/#breadcrumb","itemListElement":[{"@type":"ListItem","position":1,"name":"Strona g\u0142\u00f3wna","item":"https:\/\/pastelove.edu.pl\/zlobek\/"},{"@type":"ListItem","position":2,"name":"Strona g\u0142\u00f3wna"}]},{"@type":"WebSite","@id":"https:\/\/pastelove.edu.pl\/zlobek\/#website","url":"https:\/\/pastelove.edu.pl\/zlobek\/","name":"Niepubliczny \u017c\u0142obek - PasteLOVE Katowice","description":"Kolejna witryna sieci &#8222;Niepubliczne przedszkole - PasteLOVE Katowice Witryn&#8221;","potentialAction":[{"@type":"SearchAction","target":{"@type":"EntryPoint","urlTemplate":"https:\/\/pastelove.edu.pl\/zlobek\/?s={search_term_string}"},"query-input":"required name=search_term_string"}],"inLanguage":"pl-PL"}]}},"_links":{"self":[{"href":"https:\/\/pastelove.edu.pl\/zlobek\/wp-json\/wp\/v2\/pages\/22"}],"collection":[{"href":"https:\/\/pastelove.edu.pl\/zlobek\/wp-json\/wp\/v2\/pages"}],"about":[{"href":"https:\/\/pastelove.edu.pl\/zlobek\/wp-json\/wp\/v2\/types\/page"}],"author":[{"embeddable":true,"href":"https:\/\/pastelove.edu.pl\/zlobek\/wp-json\/wp\/v2\/users\/1"}],"replies":[{"embeddable":true,"href":"https:\/\/pastelove.edu.pl\/zlobek\/wp-json\/wp\/v2\/comments?post=22"}],"version-history":[{"count":24,"href":"https:\/\/pastelove.edu.pl\/zlobek\/wp-json\/wp\/v2\/pages\/22\/revisions"}],"predecessor-version":[{"id":193,"href":"https:\/\/pastelove.edu.pl\/zlobek\/wp-json\/wp\/v2\/pages\/22\/revisions\/193"}],"wp:attachment":[{"href":"https:\/\/pastelove.edu.pl\/zlobek\/wp-json\/wp\/v2\/media?parent=22"}],"curies":[{"name":"wp","href":"https:\/\/api.w.org\/{rel}","templated":true}]}}